-4). Let n = s + 76. Calculate the remainder when n is divided by 9.
6
Suppose -22 = -g + 19. What is the remainder when g is divided by 15?
11
Suppose 2*d = 4*d - 6. Suppose 0 = d*s - 3 - 18. What is the remainder when 22 is divided by 0 - (s + 1)*-1?
6
Suppose 0 = 8*m - 4*m - 332. What is the remainder when m is divided by 29?
25
Suppose c - 8 + 3 = 0. Suppose 3*y - 45 + 12 = -3*a, 27 = c*a - 2*y. Calculate the remainder when 13 is divided by a.
6
Suppose 0 = 5*r - 0*r - 40. Suppose 4*d - r*d = -92. What is the remainder when d is divided by 6?
5
Suppose -4*w + 181 + 7 = 0. Let v(y) = 2*y**2 - 8*y + 6. Calculate the remainder when w is divided by v(5).
15
Let z(b) = 4*b. Let o(w) = -w**2 - 11*w - 10. Let a be o(-10). Suppose a = -s + 7 + 2. Calculate the remainder when z(4) is divided by s.
7
Suppose 3*o + 4*i = -0*o + 267, -5*i - 410 = -5*o. Calculate the remainder when o is divided by 22.
19
Suppose q = -0*q - 4. Calculate the remainder when 63 is divided by q*(-11 + (-1 - -4)).
31
Let k(p) = -23*p - 10. What is the remainder when k(-1) is divided by 5?
3
Let b(c) = -3*c**3 - 6*c**2 + c + 12. What is the remainder when b(-4) is divided by 27?
23
What is the remainder when (12/8)/((-3)/(-340)) is divided by 43?
41
Let j(r) = 5*r**2 - r - 1. Let f be j(4). Let u(q) = -2*q - 13. Let g be u(-9). Suppose g*b = -0*b + f. What is the remainder when b is divided by 8?
7
Let h(u) = -u**2 + 7*u + 4. Let i be 9/(-12) - (-5)/(-20). What is the remainder when i/(-2) + 1007/38 is divided by h(5)?
13
Suppose -9 - 6 = -3*r + 2*i, -15 = -3*r - 2*i. Let n(m) = -m**3 + 3*m**2 + 2*m + 3. Calculate the remainder when n(-2) is divided by r.
4
Let d(t) be the first derivative of -t**4 + t**3 + 2*t**2 - 2*t - 6. Calculate the remainder when d(-2) is divided by 9.
7
Let d = 97 - 69. What is the remainder when d is divided by 10?
8
Suppose v - 4 = -2. Let x = 6 - v. What is the remainder when 2/8 + 131/x is divided by 12?
9
Let y(l) = l + 2. Let p(d) = d**2 + 8*d + 7. Let a be p(-7). Calculate the remainder when y(a) is divided by 2.
0
Let s be 448/(-6)*6/1. Let x(r) = r**3 + 10*r**2 + 3. Let k be x(-10). Calculate the remainder when 1/k + s/(-24) is divided by 5.
4
Let f = -3 - 29. Suppose -91 - 51 = 2*j + 2*o, 0 = -o + 4. Let l = f - j. Calculate the remainder when l is divided by 15.
13
Suppose -r - r = -8. Let c = r + 0. Let f = 10 - 0. Calculate the remainder when f is divided by c.
2
Let s(v) = -v**2 - 10*v + 21. What is the remainder when 83 is divided by s(-10)?
20
Let m = 43 + -28. What is the remainder when m is divided by (2/6 - 1)*-6?
3
Let a(g) = -g**3 - 18*g**2 - 17*g + 29. Let v be -1 + 1/(-1) + 13. Let w = v + 4. What is the remainder when a(-17) is divided by w?
14
Let n = 6 + -11. Calculate the remainder when 38 is divided by (-64)/n - 5/(-25).
12
What is the remainder when 123 is divided by (1/(-1 + 2))/(7/175)?
23
Let u = 56 + -7. What is the remainder when u is divided by (2/(-4))/((-1)/26)?
10
Let p(r) = r - 3. Let z be p(3). Suppose -5*j + 9 + 1 = z. Suppose -4*a - 2*s - 3*s + 17 = 0, -a + 6 = 3*s. Calculate the remainder when a is divided by j.
1
Suppose -6*l + 37 = -11. What is the remainder when 12 is divided by l?
4
Suppose -2*u - 36 = u. Let j = u + 34. Calculate the remainder when j is divided by 6.
4
Suppose -12 = -6*y + 114. Suppose 0*f - 399 = 3*f. Let i = f - -194. What is the remainder when i is divided by y?
19
Suppose 4*n = 6*n + 40. Let p = 29 + n. What is the remainder when 34 is divided by p?
7
Suppose -5*q - 5 = -85. Calculate the remainder when 60 is divided by q.
12
Let l be -8 - -5 - 2*-83. Suppose 0 = -4*s + l - 7. What is the remainder when s is divided by ((-28)/10)/(1/(-5))?
11
Let a(k) = -k**3 - k**2 + 2*k + 2. Let p be a(-2). Let h(x) = -3 + 2 + 0*x + p*x. What is the remainder when 8 is divided by h(2)?
2
Let k(s) = -s**3 + 6*s**2 - 4*s + 5. Calculate the remainder when 39 is divided by k(4).
18
Let g(c) = -c**2 + 14*c + 2. What is the remainder when 42 is divided by g(13)?
12
Let t = 11 + -8. Let u = 478 + -467. What is the remainder when u is divided by t?
2
Let n = 52 + -24. Let a(y) = -y**3 + 7*y**2 + y + 8. Suppose 4*t + g = 26, -3*g - 4 = 2. Calculate the remainder when n is divided by a(t).
13
Suppose -42*r + 6 = -40*r. Suppose 5*m - 4 = 16, 4*m = -3*s + 31. Calculate the remainder when s is divided by r.
2
Let u(l) = 3*l - 3. Suppose x - 20 = 5*b - 53, 23 = 3*b + x. Calculate the remainder when u(b) is divided by 10.
8
Let z = -1 - -4. Calculate the remainder when z/(-2)*708/(-18) is divided by 15.
14
Let f = 3 + 29. Calculate the remainder when f is divided by 18.
14
Let q(w) = w**2 - 10*w + 9. Let b be q(10). Let g = b - -13. Calculate the remainder when g is divided by 6.
4
Suppose 5*g + 3 = r - 5, 5*r - g - 136 = 0. Let q(j) = -j + 10. Let x = -4 + 4. Calculate the remainder when r is divided by q(x).
8
Suppose 13 = v + 5*w, -2*v - w + 90 = 2*v. What is the remainder when 45 is divided by v?
22
Suppose -3*a - 10 = 2. Let b = a + 17. Let w(c) = -c**3 + 3*c**2 + 6*c - 1. Calculate the remainder when b is divided by w(4).
6
Suppose 16 = -n - 3*n. Let s(y) = -8*y - 4. What is the remainder when s(n) is divided by 0 + (-1 - 0) + 16?
13
Let i = -2 + 4. Suppose 21 - i = p. Suppose 0 = 5*w - 0*w - 50. What is the remainder when p is divided by w?
9
Let q(i) = -i**2 + 12*i - 7. Let w be q(7). Let a = 13 - 7. Suppose a*o - 2*o - w = 0. Calculate the remainder when o is divided by 3.
1
Let k = 4 + 9. Let y = 22 + -15. What is the remainder when k is divided by y?
6
Let f(n) = 3*n**2 - 3*n + 5. What is the remainder when 17 is divided by f(2)?
6
Suppose 3 = r + 2*w - 28, 5*r = 2*w + 95. Suppose 4*l - 14 = 30. Calculate the remainder when r is divided by l.
10
Let n = -70 - -72. Let c be (-11 + 2)/(2/2). Let s = n - c. Calculate the remainder when 41 is divided by s.
8
Suppose 5*h - 61 = 54. Calculate the remainder when 52 is divided by h.
6
Suppose j = 4*t + 157, 3*j - 7*j + 645 = t. Calculate the remainder when j is divided by 41.
38
Calculate the remainder when ((-11)/4)/(14/(-280)) is divided by 14.
13
What is the remainder when 5 is divided by -5*(-4)/10*2?
1
Let q be (-19)/(-3) + (-11)/33. Calculate the remainder when (-38)/q*-1*6 is divided by 20.
18
Suppose -51 = -3*x - 4*a + 4, -35 = -x + 2*a. What is the remainder when x is divided by 2*(13/2)/1?
12
Let v = 192 - 137. Let d(q) = -2*q - 1. Calculate the remainder when v is divided by d(-10).
17
Let y = -84 + 97. Suppose x = 2*x - 50. What is the remainder when x is divided by y?
11
Let h(g) = g**2 + 4. Let z be h(0). Calculate the remainder when (-2 + 6/z)*-98 is divided by -6*5/(-2) + 2.
15
Let g(s) be the first derivative of -s**4/4 + 4*s**3/3 + 3*s**2 + 3. Let i = 28 + -14. What is the remainder when i is divided by g(5)?
4
Let d(g) = 5*g + 21. What is the remainder when 23 is divided by d(-3)?
5
Let i be 161/(-28) - (-1)/(-4). Let g(c) = -2*c - 3. What is the remainder when 35 is divided by g(i)?
8
Suppose -2*d + 3*v + 5 = 0, 7*d - 3*d = -3*v + 55. Suppose d = 4*a - 2*a. What is the remainder when (-3)/9 + 43/3 is divided by a?
4
Let g(s) = -s - 4. Let t be g(10). Let v = 12 + -20. Let c = v - t. What is the remainder when 16 is divided by c?
4
Suppose 0 = -4*b + 5*m - 2*m + 85, 4*m + 12 = 0. What is the remainder when 93 is divided by b?
17
Let c(h) = -h**3 - h - 11. Let r be c(0). Let g = -2 - r. What is the remainder when 14 is divided by (-6)/g - (-52)/6?
6
Suppose -2*d + 16 = 3*h, h - 7 = -3*d + 2*d. Suppose 7*s - 20 = h*s. Suppose q + 22 = k - 3*q, 15 = -3*q. Calculate the remainder when s is divided by k.
0
Let v = -90 - -97. Calculate the remainder when (-1 + 15/2)*2 is divided by v.
6
Let w be (-1 - 1) + 1 + -3. What is the remainder when (w/(-6))/((-4)/(-30)) is divided by 2?
1
Let l(g) = -1 + 2*g**2 - 2*g - 5 - 2 + 10*g. Calculate the remainder when l(-6) is divided by 5.
1
Let c(l) = 4*l**2 + 1 - 4*l + 11*l + 1 - l**3 - 6. What is the remainder when 16 is divided by c(5)?
4
Suppose -7 = -5*f + 68. Calculate the remainder when f is divided by 4.
3
Let p(n) = n**2 - 14*n + 11. Suppose 0 = -5*g - 5*t + 70, t - 42 = -3*g + 3*t. What is the remainder when p(15) is divided by g?
12
Suppose 3*m + 3 = 4*m. Calculate the remainder when 30 is divi